{"id":551,"date":"2019-04-01T14:29:52","date_gmt":"2019-04-01T12:29:52","guid":{"rendered":"https:\/\/lekmerison.hexarim.fr\/?page_id=551"},"modified":"2019-12-06T18:21:26","modified_gmt":"2019-12-06T17:21:26","slug":"ftcaptfr","status":"publish","type":"page","link":"https:\/\/lekmerison.hexarim.fr\/index.php\/ftcaptfr\/","title":{"rendered":"ftcaptfr"},"content":{"rendered":"<div id=\"pl-551\"  class=\"panel-layout\" ><div id=\"pg-551-0\"  class=\"panel-grid panel-no-style\" ><div id=\"pgc-551-0-0\"  class=\"panel-grid-cell\" ><div id=\"panel-551-0-0-0\" class=\"so-panel widget widget_sow-image panel-first-child\" data-index=\"0\" ><div class=\"so-widget-sow-image so-widget-sow-image-default-6b88c04c1f9b\">\n\n<div class=\"sow-image-container\">\n\t<img src=\"https:\/\/lekmerison.hexarim.fr\/wp-content\/uploads\/2019\/04\/ftl_1_avril.png\" width=\"469\" height=\"283\" srcset=\"https:\/\/lekmerison.hexarim.fr\/wp-content\/uploads\/2019\/04\/ftl_1_avril.png 469w, https:\/\/lekmerison.hexarim.fr\/wp-content\/uploads\/2019\/04\/ftl_1_avril-300x181.png 300w\" sizes=\"(max-width: 469px) 100vw, 469px\" alt=\"\" \t\tclass=\"so-widget-image\"\/>\n<\/div>\n\n<\/div><\/div><div id=\"panel-551-0-0-1\" class=\"so-panel widget widget_sow-editor panel-last-child\" data-index=\"1\" ><div class=\"so-widget-sow-editor so-widget-sow-editor-base\">\n<div class=\"siteorigin-widget-tinymce textwidget\">\n\t<h1 style=\"text-align: center;\"><strong>Enfin !<\/strong><\/h1>\n<h6>C'est apr\u00e8s des heures et des heures de travail de traduction acharn\u00e9es, que cette version fran\u00e7aise de FTL: Captain's Edition sort au grand jour! Vous avez suivi avec assiduit\u00e9 tous mes live de traduction, vous avez fait d'\u00e9normes <a href=\"https:\/\/streamlabs.com\/lekmerison\">dons<\/a>, et le plus important m'avez donner votre opinion pour chaque phrase \u00e0 traduire, et pour tout cela, je vous remercie du fond du c\u0153ur. C'\u00e9tait long et fastidieux, mais \u00e7a y'est, c'est fait. \u00c9v\u00e9nements apr\u00e8s \u00e9v\u00e9nements, description apr\u00e8s description, les fichiers \u00e0 traduire se sont encha\u00een\u00e9s et je ne suis pas peu fier d'enfin publier le r\u00e9sultat.<\/h6>\n<h6>Mesdames, messieurs, \u00e0 vos cliques :<\/h6>\n<\/div>\n<\/div><\/div><\/div><\/div><div id=\"pg-551-1\"  class=\"panel-grid panel-no-style\" ><div id=\"pgc-551-1-0\"  class=\"panel-grid-cell\" ><div id=\"panel-551-1-0-0\" class=\"so-panel widget widget_sow-editor panel-first-child\" data-index=\"2\" ><div class=\"so-widget-sow-editor so-widget-sow-editor-base\">\n<div class=\"siteorigin-widget-tinymce textwidget\">\n\t<p style=\"text-align: right;\">T\u00e9l\u00e9chargement pour Windows :<\/p>\n<\/div>\n<\/div><\/div><div id=\"panel-551-1-0-1\" class=\"so-panel widget widget_sow-editor\" data-index=\"3\" ><div class=\"so-widget-sow-editor so-widget-sow-editor-base\">\n<div class=\"siteorigin-widget-tinymce textwidget\">\n\t<p style=\"text-align: right;\">T\u00e9l\u00e9chargement pour Linux :<\/p>\n<\/div>\n<\/div><\/div><div id=\"panel-551-1-0-2\" class=\"so-panel widget widget_sow-editor panel-last-child\" data-index=\"4\" ><div class=\"so-widget-sow-editor so-widget-sow-editor-base\">\n<div class=\"siteorigin-widget-tinymce textwidget\">\n\t<p style=\"text-align: right;\">T\u00e9l\u00e9chargement pour Mac :<\/p>\n<\/div>\n<\/div><\/div><\/div><div id=\"pgc-551-1-1\"  class=\"panel-grid-cell\" ><div id=\"panel-551-1-1-0\" class=\"so-panel widget widget_sow-button panel-first-child\" data-index=\"5\" ><div class=\"so-widget-sow-button so-widget-sow-button-atom-5c9de4d82cbc\"><div class=\"ow-button-base ow-button-align-left\">\n\t<a href=\"https:\/\/lekmerison.hexarim.fr\/index.php\/lul\/\" class=\"ow-icon-placement-left ow-button-hover\" \t\t>\n\t\t<span>\n\t\t\t<span class=\"sow-icon-fontawesome sow-fab\" data-sow-icon=\"&#xf17a;\"\n\t\t ><\/span>\n\t\t\tWindows\t\t<\/span>\n\t<\/a>\n<\/div>\n<\/div><\/div><div id=\"panel-551-1-1-1\" class=\"so-panel widget widget_sow-button\" data-index=\"6\" ><div class=\"so-widget-sow-button so-widget-sow-button-atom-b204f4d79370\"><div class=\"ow-button-base ow-button-align-left\">\n\t<a href=\"https:\/\/lekmerison.hexarim.fr\/index.php\/lul\/\" class=\"ow-icon-placement-left ow-button-hover\" \t\t>\n\t\t<span>\n\t\t\t<span class=\"sow-icon-fontawesome sow-fab\" data-sow-icon=\"&#xf17c;\"\n\t\tstyle=\"color: #000000\" ><\/span>\n\t\t\tLinux\t\t<\/span>\n\t<\/a>\n<\/div>\n<\/div><\/div><div id=\"panel-551-1-1-2\" class=\"so-panel widget widget_sow-button panel-last-child\" data-index=\"7\" ><div class=\"so-widget-sow-button so-widget-sow-button-atom-21e95dacfd66\"><div class=\"ow-button-base ow-button-align-left\">\n\t<a href=\"https:\/\/lekmerison.hexarim.fr\/index.php\/lul\/\" class=\"ow-icon-placement-left ow-button-hover\" \t\t>\n\t\t<span>\n\t\t\t<span class=\"sow-icon-fontawesome sow-fab\" data-sow-icon=\"&#xf179;\"\n\t\t ><\/span>\n\t\t\tMac\t\t<\/span>\n\t<\/a>\n<\/div>\n<\/div><\/div><\/div><\/div><\/div>","protected":false},"excerpt":{"rendered":"<p>Enfin ! C&#8217;est apr\u00e8s des heures et des heures de travail de traduction acharn\u00e9es, que&#8230;<\/p>\n<div class=\"more-link-wrapper\"><a class=\"more-link\" href=\"https:\/\/lekmerison.hexarim.fr\/index.php\/ftcaptfr\/\">Read the post<span class=\"screen-reader-text\">ftcaptfr<\/span><\/a><\/div>\n","protected":false},"author":1,"featured_media":0,"parent":0,"menu_order":0,"comment_status":"closed","ping_status":"closed","template":"templates\/full-width.php","meta":[],"yst_prominent_words":[162,166,165,168,169,161,163,164,167],"yoast_head":"<!-- This site is optimized with the Yoast SEO Premium plugin v14.2 - https:\/\/yoast.com\/wordpress\/plugins\/seo\/ -->\n<title>ftcaptfr - Lekmerison<\/title>\n<meta name=\"robots\" content=\"noindex, nofollow\" \/>\n<meta property=\"og:locale\" content=\"fr_FR\" \/>\n<meta property=\"og:type\" content=\"article\" \/>\n<meta property=\"og:title\" content=\"ftcaptfr - Lekmerison\" \/>\n<meta property=\"og:description\" content=\"Enfin ! C&#039;est apr\u00e8s des heures et des heures de travail de traduction acharn\u00e9es, que&#8230;\" \/>\n<meta property=\"og:url\" content=\"https:\/\/lekmerison.hexarim.fr\/index.php\/ftcaptfr\/\" \/>\n<meta property=\"og:site_name\" content=\"Lekmerison\" \/>\n<meta property=\"article:modified_time\" content=\"2019-12-06T17:21:26+00:00\" \/>\n<meta name=\"twitter:card\" content=\"summary_large_image\" \/>\n<script type=\"application\/ld+json\" class=\"yoast-schema-graph\">{\"@context\":\"https:\/\/schema.org\",\"@graph\":[{\"@type\":[\"Person\",\"Organization\"],\"@id\":\"https:\/\/lekmerison.hexarim.fr\/#\/schema\/person\/7e0998abf0a84d4541666fc34ad6c818\",\"name\":\"Lekmerison\",\"image\":{\"@type\":\"ImageObject\",\"@id\":\"https:\/\/lekmerison.hexarim.fr\/#personlogo\",\"inLanguage\":\"fr-FR\",\"url\":\"https:\/\/lekmerison.hexarim.fr\/wp-content\/uploads\/2017\/10\/AvatarYT.png\",\"width\":256,\"height\":256,\"caption\":\"Lekmerison\"},\"logo\":{\"@id\":\"https:\/\/lekmerison.hexarim.fr\/#personlogo\"},\"sameAs\":[\"https:\/\/www.youtube.com\/user\/Lekmerison\/\"]},{\"@type\":\"WebSite\",\"@id\":\"https:\/\/lekmerison.hexarim.fr\/#website\",\"url\":\"https:\/\/lekmerison.hexarim.fr\/\",\"name\":\"Lekmerison\",\"description\":\"L&#039;ours de fer qui aime vous divertir.\",\"publisher\":{\"@id\":\"https:\/\/lekmerison.hexarim.fr\/#\/schema\/person\/7e0998abf0a84d4541666fc34ad6c818\"},\"potentialAction\":[{\"@type\":\"SearchAction\",\"target\":\"https:\/\/lekmerison.hexarim.fr\/?s={search_term_string}\",\"query-input\":\"required name=search_term_string\"}],\"inLanguage\":\"fr-FR\"},{\"@type\":\"WebPage\",\"@id\":\"https:\/\/lekmerison.hexarim.fr\/index.php\/ftcaptfr\/#webpage\",\"url\":\"https:\/\/lekmerison.hexarim.fr\/index.php\/ftcaptfr\/\",\"name\":\"ftcaptfr - Lekmerison\",\"isPartOf\":{\"@id\":\"https:\/\/lekmerison.hexarim.fr\/#website\"},\"datePublished\":\"2019-04-01T12:29:52+00:00\",\"dateModified\":\"2019-12-06T17:21:26+00:00\",\"inLanguage\":\"fr-FR\",\"potentialAction\":[{\"@type\":\"ReadAction\",\"target\":[\"https:\/\/lekmerison.hexarim.fr\/index.php\/ftcaptfr\/\"]}]}]}<\/script>\n<!-- \/ Yoast SEO Premium plugin. -->","_links":{"self":[{"href":"https:\/\/lekmerison.hexarim.fr\/index.php\/wp-json\/wp\/v2\/pages\/551"}],"collection":[{"href":"https:\/\/lekmerison.hexarim.fr\/index.php\/wp-json\/wp\/v2\/pages"}],"about":[{"href":"https:\/\/lekmerison.hexarim.fr\/index.php\/wp-json\/wp\/v2\/types\/page"}],"author":[{"embeddable":true,"href":"https:\/\/lekmerison.hexarim.fr\/index.php\/wp-json\/wp\/v2\/users\/1"}],"replies":[{"embeddable":true,"href":"https:\/\/lekmerison.hexarim.fr\/index.php\/wp-json\/wp\/v2\/comments?post=551"}],"version-history":[{"count":31,"href":"https:\/\/lekmerison.hexarim.fr\/index.php\/wp-json\/wp\/v2\/pages\/551\/revisions"}],"predecessor-version":[{"id":636,"href":"https:\/\/lekmerison.hexarim.fr\/index.php\/wp-json\/wp\/v2\/pages\/551\/revisions\/636"}],"wp:attachment":[{"href":"https:\/\/lekmerison.hexarim.fr\/index.php\/wp-json\/wp\/v2\/media?parent=551"}],"wp:term":[{"taxonomy":"yst_prominent_words","embeddable":true,"href":"https:\/\/lekmerison.hexarim.fr\/index.php\/wp-json\/wp\/v2\/yst_prominent_words?post=551"}],"curies":[{"name":"wp","href":"https:\/\/api.w.org\/{rel}","templated":true}]}}