{"id":291,"date":"2018-04-15T21:45:46","date_gmt":"2018-04-15T19:45:46","guid":{"rendered":"https:\/\/lekmerison.hexarim.fr\/?page_id=291"},"modified":"2019-03-28T20:12:08","modified_gmt":"2019-03-28T19:12:08","slug":"playlists-rogue-like","status":"publish","type":"page","link":"https:\/\/lekmerison.hexarim.fr\/index.php\/accueil\/playlists\/playlists-rogue-like\/","title":{"rendered":"Playlists Rogue Like"},"content":{"rendered":"<div id=\"pl-291\"  class=\"panel-layout\" ><div id=\"pg-291-0\"  class=\"panel-grid panel-no-style\" ><div id=\"pgc-291-0-0\"  class=\"panel-grid-cell\" ><div id=\"panel-291-0-0-0\" class=\"so-panel widget widget_sow-editor panel-first-child panel-last-child\" data-index=\"0\" ><div class=\"so-widget-sow-editor so-widget-sow-editor-base\">\n<div class=\"siteorigin-widget-tinymce textwidget\">\n\t<h2 style=\"text-align: center;\"><strong>Voici les jeux de type \u00abRogue like\u00bb auxquels j'ai jou\u00e9 :<\/strong><\/h2>\n<\/div>\n<\/div><\/div><\/div><\/div><div id=\"pg-291-1\"  class=\"panel-grid panel-no-style\" ><div id=\"pgc-291-1-0\"  class=\"panel-grid-cell\" ><div id=\"panel-291-1-0-0\" class=\"so-panel widget widget_sow-editor panel-first-child panel-last-child\" data-index=\"1\" ><div class=\"so-widget-sow-editor so-widget-sow-editor-base\">\n<div class=\"siteorigin-widget-tinymce textwidget\">\n\t<h3 style=\"text-align: center;\"><strong>Enter the Gungeon (PC)<\/strong><\/h3>\n\t\t\t<div class=\"yotu-playlist yotuwp yotu-limit-min   yotu-thumb-169  yotu-template-grid\" data-yotu=\"6a08bf5719c10\" data-page=\"1\" id=\"yotuwp-6a08bf57189d9\" data-total=\"5\" data-settings=\"eyJ0eXBlIjoicGxheWxpc3QiLCJpZCI6IlBMLVF0LWEwVkVlREJ0RWg2VkZMSUtEVVJzMWdSQ1FyX1ciLCJwYWdpbmF0aW9uIjoib24iLCJwYWdpdHlwZSI6InBhZ2VyIiwiY29sdW1uIjoiMyIsInBlcl9wYWdlIjoiMyIsInRlbXBsYXRlIjoiZ3JpZCIsInRpdGxlIjoib24iLCJkZXNjcmlwdGlvbiI6Im9uIiwidGh1bWJyYXRpbyI6IjE2OSIsIm1ldGEiOiJvZmYiLCJtZXRhX2RhdGEiOiJvZmYiLCJtZXRhX3Bvc2l0aW9uIjoib2ZmIiwiZGF0ZV9mb3JtYXQiOiJvZmYiLCJtZXRhX2FsaWduIjoib2ZmIiwic3Vic2NyaWJlIjoib2ZmIiwiZHVyYXRpb24iOiJvZmYiLCJtZXRhX2ljb24iOiJvZmYiLCJuZXh0dGV4dCI6IiIsInByZXZ0ZXh0IjoiIiwibG9hZG1vcmV0ZXh0IjoiIiwicGxheWVyIjp7Im1vZGUiOiJsYXJnZSIsIndpZHRoIjoiNjAwIiwic2Nyb2xsaW5nIjoiMTAwIiwiYXV0b3BsYXkiOjAsImNvbnRyb2xzIjoxLCJtb2Rlc3RicmFuZGluZyI6MSwibG9vcCI6MCwiYXV0b25leHQiOjAsInNob3dpbmZvIjoxLCJyZWwiOjEsInBsYXlpbmciOjAsInBsYXlpbmdfZGVzY3JpcHRpb24iOjAsInRodW1ibmFpbHMiOjAsImNjX2xvYWRfcG9saWN5IjoiMCIsImNjX2xhbmdfcHJlZiI6MCwiaGwiOjAsIml2X2xvYWRfcG9saWN5IjoiMyJ9LCJsYXN0X3RhYiI6ImVmZmVjdHMiLCJ1c2VfYXNfbW9kYWwiOiJvZmYiLCJtb2RhbF9pZCI6Im9mZiIsImxhc3RfdXBkYXRlIjoiMTU3NjY5MTczMiIsInN0eWxpbmciOnsicGFnZXJfbGF5b3V0IjoiZGVmYXVsdCIsImJ1dHRvbiI6IjEiLCJidXR0b25fY29sb3IiOiIiLCJidXR0b25fYmdfY29sb3IiOiIiLCJidXR0b25fY29sb3JfaG92ZXIiOiIiLCJidXR0b25fYmdfY29sb3JfaG92ZXIiOiIiLCJ2aWRlb19zdHlsZSI6IiIsInBsYXlpY29uX2NvbG9yIjoiIiwiaG92ZXJfaWNvbiI6IiIsImdhbGxlcnlfYmciOiIifSwiZWZmZWN0cyI6eyJ2aWRlb19ib3giOiJ5dGVmLWdyb3ciLCJmbGlwX2VmZmVjdCI6IiJ9LCJnYWxsZXJ5X2lkIjoiNmEwOGJmNTcxODlkOSIsIm5leHQiOiJFQUFhSGxCVU9rTkJUV2xGUkZWNVRWUlZlVkZxVVRWT1JGcEVUV3RaTTAwd1dRIiwicHJldiI6IiJ9\" data-player=\"large\" data-showdesc=\"on\">\n\t\t\t\t<div>\n\t\t\t\t\t\t\t\t\t\t<div class=\"yotu-wrapper-player\" style=\"width:600px\">\n\t\t\t\t\t\t\t\t\t\t\t\t<div class=\"yotu-player\">\n\t\t\t\t\t\t\t<div class=\"yotu-video-placeholder\" id=\"yotu-player-6a08bf5719c10\"><\/div>\n\t\t\t\t\t\t<\/div>\n\t\t\t\t\t\t<div class=\"yotu-playing-status\"><\/div>\n\t\t\t\t\t\t\t\t\t\t\t<\/div>\n\n\t\t\t\t\t<div class=\"yotu-pagination yotu-pager_layout-default yotu-pagination-top\">\n<a href=\"#\" class=\"yotu-pagination-prev yotu-button-prs yotu-button-prs-1\" data-page=\"prev\">Prev<\/a>\n<span class=\"yotu-pagination-current\">1<\/span> <span>of<\/span> <span class=\"yotu-pagination-total\">5<\/span>\n<a href=\"#\" class=\"yotu-pagination-next yotu-button-prs yotu-button-prs-1\" data-page=\"next\">Next<\/a>\n<\/div>\n<div class=\"yotu-videos yotu-mode-grid yotu-column-3 yotu-player-mode-large\">\n\t<ul>\n\t\t\t\t\t<li class=\" yotu-first\">\n\t\t\t\t\t\t\t\t<a href=\"#Zm7MucyQsJo\" class=\"yotu-video ytef-grow\" data-videoid=\"Zm7MucyQsJo\" data-title=\"\ud83c\udfae Enter the Gungeon | SPICY CHEST CHALLENGE | Part.1 | Gameplay FR\" title=\"\ud83c\udfae Enter the Gungeon | SPICY CHEST CHALLENGE | Part.1 | Gameplay FR\">\n\t\t\t\t\t<div class=\"yotu-video-thumb-wrp\">\n\t\t\t\t\t\t<div>\n\t\t\t\t\t\t\t\t\t\t\t\t\t\t<img class=\"yotu-video-thumb\" src=\"https:\/\/i.ytimg.com\/vi\/Zm7MucyQsJo\/sddefault.jpg\" alt=\"\ud83c\udfae Enter the Gungeon | SPICY CHEST CHALLENGE | Part.1 | Gameplay FR\">\t\n\t\t\t\t\t\t\t\t\t\t\t\t\t<\/div>\n\t\t\t\t\t<\/div>\n\t\t\t\t\t\t\t\t\t\t\t<h3 class=\"yotu-video-title\">\ud83c\udfae Enter the Gungeon | SPICY CHEST CHALLENGE | Part.1 | Gameplay FR<\/h3>\n\t\t\t\t\t\t\t\t\t\t\t\t\t\t\t\t\t\t\t\t\t<div class=\"yotu-video-description\">Enter the Gungeon, un Dungeon Crawler efficace en vanilla, mais d'autant plus avec le challenge des coffres \u00e9pic\u00e9s !<br \/>\n<br \/>\n\u2588\u2588\u2588\u2588\u2588\u2588\u2588\u2588\u2588\u2588\u2588\u2588\u2588\u2588\u2588\u2588\u2588\u2588\u2588\u2588\u2588\u2588\u2588\u2588\u2588\u2588\u2588\u2588\u2588\u2588\u2588\u2588\u2588\u2588\u2588\u2588\u2588\u2588<br \/>\n<br \/>\n\u2666 R\u00e8gles et subtilit\u00e9s du Spicy Chest Challenge \u2666<br \/>\n<br \/>\n\u25ba Un coffre appara\u00eet \u00e0 chaque salle nettoy\u00e9e.<br \/>\n<br \/>\n\u25ba L'objet ou l'arme se trouvant \u00e0 l\u2019int\u00e9rieur doit obligatoirement \u00eatre utilis\u00e9(e), jusqu'\u00e0 ce que le contenu d'un autre coffre le\/la remplace.<br \/>\n<br \/>\n\u25ba Les munitions sont infinies.<br \/>\n<br \/>\n\u25ba Les achats au magasin sont autoris\u00e9s.<br \/>\n<br \/>\n\u2588\u2588\u2588\u2588\u2588\u2588\u2588\u2588\u2588\u2588\u2588\u2588\u2588\u2588\u2588\u2588\u2588\u2588\u2588\u2588\u2588\u2588\u2588\u2588\u2588\u2588\u2588\u2588\u2588\u2588\u2588\u2588\u2588\u2588\u2588\u2588\u2588\u2588<\/div>\n\t\t\t\t\t\t\t\t\t<\/a>\n\t\t\t\t\t\t\t<\/li>\n\t\t\t\t\n\t\t\t\t\t\t<li class=\"\">\n\t\t\t\t\t\t\t\t<a href=\"#7WXJKLgVtL0\" class=\"yotu-video ytef-grow\" data-videoid=\"7WXJKLgVtL0\" data-title=\"\ud83c\udfae Enter the Gungeon | SPICY CHEST CHALLENGE | Part.2 | Gameplay FR\" title=\"\ud83c\udfae Enter the Gungeon | SPICY CHEST CHALLENGE | Part.2 | Gameplay FR\">\n\t\t\t\t\t<div class=\"yotu-video-thumb-wrp\">\n\t\t\t\t\t\t<div>\n\t\t\t\t\t\t\t\t\t\t\t\t\t\t<img class=\"yotu-video-thumb\" src=\"https:\/\/i.ytimg.com\/vi\/7WXJKLgVtL0\/sddefault.jpg\" alt=\"\ud83c\udfae Enter the Gungeon | SPICY CHEST CHALLENGE | Part.2 | Gameplay FR\">\t\n\t\t\t\t\t\t\t\t\t\t\t\t\t<\/div>\n\t\t\t\t\t<\/div>\n\t\t\t\t\t\t\t\t\t\t\t<h3 class=\"yotu-video-title\">\ud83c\udfae Enter the Gungeon | SPICY CHEST CHALLENGE | Part.2 | Gameplay FR<\/h3>\n\t\t\t\t\t\t\t\t\t\t\t\t\t\t\t\t\t\t\t\t\t<div class=\"yotu-video-description\">Enter the Gungeon, un Dungeon Crawler efficace en vanilla, mais d'autant plus avec le challenge des coffres \u00e9pic\u00e9s !<br \/>\n<br \/>\n\u2588\u2588\u2588\u2588\u2588\u2588\u2588\u2588\u2588\u2588\u2588\u2588\u2588\u2588\u2588\u2588\u2588\u2588\u2588\u2588\u2588\u2588\u2588\u2588\u2588\u2588\u2588\u2588\u2588\u2588\u2588\u2588\u2588\u2588\u2588\u2588\u2588\u2588<br \/>\n<br \/>\n\u2666 R\u00e8gles et subtilit\u00e9s du Spicy Chest Challenge \u2666<br \/>\n<br \/>\n\u25ba Un coffre appara\u00eet \u00e0 chaque salle nettoy\u00e9e.<br \/>\n<br \/>\n\u25ba L'objet ou l'arme se trouvant \u00e0 l\u2019int\u00e9rieur doit obligatoirement \u00eatre utilis\u00e9(e), jusqu'\u00e0 ce que le contenu d'un autre coffre le\/la remplace.<br \/>\n<br \/>\n\u25ba Les munitions sont infinies.<br \/>\n<br \/>\n\u25ba Les achats au magasin sont autoris\u00e9s.<br \/>\n<br \/>\n\u2588\u2588\u2588\u2588\u2588\u2588\u2588\u2588\u2588\u2588\u2588\u2588\u2588\u2588\u2588\u2588\u2588\u2588\u2588\u2588\u2588\u2588\u2588\u2588\u2588\u2588\u2588\u2588\u2588\u2588\u2588\u2588\u2588\u2588\u2588\u2588\u2588\u2588<\/div>\n\t\t\t\t\t\t\t\t\t<\/a>\n\t\t\t\t\t\t\t<\/li>\n\t\t\t\t\n\t\t\t\t\t\t<li class=\" yotu-last\">\n\t\t\t\t\t\t\t\t<a href=\"#4Y7JFeBXNSc\" class=\"yotu-video ytef-grow\" data-videoid=\"4Y7JFeBXNSc\" data-title=\"\ud83c\udfae Enter the Gungeon | SPICY CHEST CHALLENGE | Part.3 | Gameplay FR\" title=\"\ud83c\udfae Enter the Gungeon | SPICY CHEST CHALLENGE | Part.3 | Gameplay FR\">\n\t\t\t\t\t<div class=\"yotu-video-thumb-wrp\">\n\t\t\t\t\t\t<div>\n\t\t\t\t\t\t\t\t\t\t\t\t\t\t<img class=\"yotu-video-thumb\" src=\"https:\/\/i.ytimg.com\/vi\/4Y7JFeBXNSc\/sddefault.jpg\" alt=\"\ud83c\udfae Enter the Gungeon | SPICY CHEST CHALLENGE | Part.3 | Gameplay FR\">\t\n\t\t\t\t\t\t\t\t\t\t\t\t\t<\/div>\n\t\t\t\t\t<\/div>\n\t\t\t\t\t\t\t\t\t\t\t<h3 class=\"yotu-video-title\">\ud83c\udfae Enter the Gungeon | SPICY CHEST CHALLENGE | Part.3 | Gameplay FR<\/h3>\n\t\t\t\t\t\t\t\t\t\t\t\t\t\t\t\t\t\t\t\t\t<div class=\"yotu-video-description\">Enter the Gungeon, un Dungeon Crawler efficace en vanilla, mais d'autant plus avec le challenge des coffres \u00e9pic\u00e9s !<br \/>\n<br \/>\n\u2588\u2588\u2588\u2588\u2588\u2588\u2588\u2588\u2588\u2588\u2588\u2588\u2588\u2588\u2588\u2588\u2588\u2588\u2588\u2588\u2588\u2588\u2588\u2588\u2588\u2588\u2588\u2588\u2588\u2588\u2588\u2588\u2588\u2588\u2588\u2588\u2588\u2588<br \/>\n<br \/>\n\u2666 R\u00e8gles et subtilit\u00e9s du Spicy Chest Challenge \u2666<br \/>\n<br \/>\n\u25ba Un coffre appara\u00eet \u00e0 chaque salle nettoy\u00e9e.<br \/>\n<br \/>\n\u25ba L'objet ou l'arme se trouvant \u00e0 l\u2019int\u00e9rieur doit obligatoirement \u00eatre utilis\u00e9(e), jusqu'\u00e0 ce que le contenu d'un autre coffre le\/la remplace.<br \/>\n<br \/>\n\u25ba Les munitions sont infinies.<br \/>\n<br \/>\n\u25ba Les achats au magasin sont autoris\u00e9s.<br \/>\n<br \/>\n\u2588\u2588\u2588\u2588\u2588\u2588\u2588\u2588\u2588\u2588\u2588\u2588\u2588\u2588\u2588\u2588\u2588\u2588\u2588\u2588\u2588\u2588\u2588\u2588\u2588\u2588\u2588\u2588\u2588\u2588\u2588\u2588\u2588\u2588\u2588\u2588\u2588\u2588<\/div>\n\t\t\t\t\t\t\t\t\t<\/a>\n\t\t\t\t\t\t\t<\/li>\n\t\t\t\t\n\t\t\t\t<\/ul>\n<\/div><div class=\"yotu-pagination yotu-pager_layout-default yotu-pagination-bottom\">\n<a href=\"#\" class=\"yotu-pagination-prev yotu-button-prs yotu-button-prs-1\" data-page=\"prev\">Prev<\/a>\n<span class=\"yotu-pagination-current\">1<\/span> <span>of<\/span> <span class=\"yotu-pagination-total\">5<\/span>\n<a href=\"#\" class=\"yotu-pagination-next yotu-button-prs yotu-button-prs-1\" data-page=\"next\">Next<\/a>\n<\/div>\n\t\t\t\t<\/div>\n\t\t\t<\/div>\n\t\t\t\n<\/div>\n<\/div><\/div><\/div><\/div><\/div>","protected":false},"excerpt":{"rendered":"<p>Voici les jeux de type \u00abRogue like\u00bb auxquels j&#8217;ai jou\u00e9 : Enter the Gungeon (PC)<\/p>\n","protected":false},"author":1,"featured_media":0,"parent":277,"menu_order":0,"comment_status":"closed","ping_status":"closed","template":"templates\/full-width.php","meta":[],"yst_prominent_words":[53,60,58,52,57,51,56,46,41,43,55,45,50,42,49,59,47,54,44,48],"yoast_head":"<!-- This site is optimized with the Yoast SEO Premium plugin v14.2 - https:\/\/yoast.com\/wordpress\/plugins\/seo\/ -->\n<title>Playlists Rogue Like - Lekmerison<\/title>\n<meta name=\"robots\" content=\"index, follow\" \/>\n<meta name=\"googlebot\" content=\"index, follow, max-snippet:-1, max-image-preview:large, max-video-preview:-1\" \/>\n<meta name=\"bingbot\" content=\"index, follow, max-snippet:-1, max-image-preview:large, max-video-preview:-1\" \/>\n<link rel=\"canonical\" href=\"https:\/\/lekmerison.hexarim.fr\/index.php\/accueil\/playlists\/playlists-rogue-like\/\" \/>\n<meta property=\"og:locale\" content=\"fr_FR\" \/>\n<meta property=\"og:type\" content=\"article\" \/>\n<meta property=\"og:title\" content=\"Playlists Rogue Like - Lekmerison\" \/>\n<meta property=\"og:url\" content=\"https:\/\/lekmerison.hexarim.fr\/index.php\/accueil\/playlists\/playlists-rogue-like\/\" \/>\n<meta property=\"og:site_name\" content=\"Lekmerison\" \/>\n<meta property=\"article:modified_time\" content=\"2019-03-28T19:12:08+00:00\" \/>\n<meta name=\"twitter:card\" content=\"summary_large_image\" \/>\n<script type=\"application\/ld+json\" class=\"yoast-schema-graph\">{\"@context\":\"https:\/\/schema.org\",\"@graph\":[{\"@type\":[\"Person\",\"Organization\"],\"@id\":\"https:\/\/lekmerison.hexarim.fr\/#\/schema\/person\/7e0998abf0a84d4541666fc34ad6c818\",\"name\":\"Lekmerison\",\"image\":{\"@type\":\"ImageObject\",\"@id\":\"https:\/\/lekmerison.hexarim.fr\/#personlogo\",\"inLanguage\":\"fr-FR\",\"url\":\"https:\/\/lekmerison.hexarim.fr\/wp-content\/uploads\/2017\/10\/AvatarYT.png\",\"width\":256,\"height\":256,\"caption\":\"Lekmerison\"},\"logo\":{\"@id\":\"https:\/\/lekmerison.hexarim.fr\/#personlogo\"},\"sameAs\":[\"https:\/\/www.youtube.com\/user\/Lekmerison\/\"]},{\"@type\":\"WebSite\",\"@id\":\"https:\/\/lekmerison.hexarim.fr\/#website\",\"url\":\"https:\/\/lekmerison.hexarim.fr\/\",\"name\":\"Lekmerison\",\"description\":\"L&#039;ours de fer qui aime vous divertir.\",\"publisher\":{\"@id\":\"https:\/\/lekmerison.hexarim.fr\/#\/schema\/person\/7e0998abf0a84d4541666fc34ad6c818\"},\"potentialAction\":[{\"@type\":\"SearchAction\",\"target\":\"https:\/\/lekmerison.hexarim.fr\/?s={search_term_string}\",\"query-input\":\"required name=search_term_string\"}],\"inLanguage\":\"fr-FR\"},{\"@type\":\"WebPage\",\"@id\":\"https:\/\/lekmerison.hexarim.fr\/index.php\/accueil\/playlists\/playlists-rogue-like\/#webpage\",\"url\":\"https:\/\/lekmerison.hexarim.fr\/index.php\/accueil\/playlists\/playlists-rogue-like\/\",\"name\":\"Playlists Rogue Like - Lekmerison\",\"isPartOf\":{\"@id\":\"https:\/\/lekmerison.hexarim.fr\/#website\"},\"datePublished\":\"2018-04-15T19:45:46+00:00\",\"dateModified\":\"2019-03-28T19:12:08+00:00\",\"inLanguage\":\"fr-FR\",\"potentialAction\":[{\"@type\":\"ReadAction\",\"target\":[\"https:\/\/lekmerison.hexarim.fr\/index.php\/accueil\/playlists\/playlists-rogue-like\/\"]}]}]}<\/script>\n<!-- \/ Yoast SEO Premium plugin. -->","_links":{"self":[{"href":"https:\/\/lekmerison.hexarim.fr\/index.php\/wp-json\/wp\/v2\/pages\/291"}],"collection":[{"href":"https:\/\/lekmerison.hexarim.fr\/index.php\/wp-json\/wp\/v2\/pages"}],"about":[{"href":"https:\/\/lekmerison.hexarim.fr\/index.php\/wp-json\/wp\/v2\/types\/page"}],"author":[{"embeddable":true,"href":"https:\/\/lekmerison.hexarim.fr\/index.php\/wp-json\/wp\/v2\/users\/1"}],"replies":[{"embeddable":true,"href":"https:\/\/lekmerison.hexarim.fr\/index.php\/wp-json\/wp\/v2\/comments?post=291"}],"version-history":[{"count":3,"href":"https:\/\/lekmerison.hexarim.fr\/index.php\/wp-json\/wp\/v2\/pages\/291\/revisions"}],"predecessor-version":[{"id":390,"href":"https:\/\/lekmerison.hexarim.fr\/index.php\/wp-json\/wp\/v2\/pages\/291\/revisions\/390"}],"up":[{"embeddable":true,"href":"https:\/\/lekmerison.hexarim.fr\/index.php\/wp-json\/wp\/v2\/pages\/277"}],"wp:attachment":[{"href":"https:\/\/lekmerison.hexarim.fr\/index.php\/wp-json\/wp\/v2\/media?parent=291"}],"wp:term":[{"taxonomy":"yst_prominent_words","embeddable":true,"href":"https:\/\/lekmerison.hexarim.fr\/index.php\/wp-json\/wp\/v2\/yst_prominent_words?post=291"}],"curies":[{"name":"wp","href":"https:\/\/api.w.org\/{rel}","templated":true}]}}